on factor of 450 and 5150?
50
Calculate the highest common factor of 1264 and 3160.
632
What is the highest common divisor of 144 and 803184?
48
Calculate the greatest common divisor of 2494970 and 10.
10
Calculate the greatest common divisor of 314432 and 512.
64
Calculate the highest common divisor of 41311 and 2653.
379
Calculate the greatest common factor of 19 and 4264.
1
What is the highest common factor of 830 and 64574?
166
Calculate the highest common divisor of 104 and 244452.
52
What is the greatest common divisor of 13268 and 35096?
428
What is the highest common divisor of 86918 and 65?
13
Calculate the greatest common factor of 1003 and 413.
59
What is the greatest common factor of 144 and 51606?
18
Calculate the greatest common factor of 77 and 572418.
77
What is the highest common divisor of 25773 and 52611?
213
What is the greatest common divisor of 5094 and 10471?
283
Calculate the highest common divisor of 2619 and 179.
1
What is the greatest common divisor of 3598 and 665?
7
Calculate the greatest common factor of 1200 and 20208.
48
What is the greatest common factor of 72405 and 90?
45
Calculate the greatest common divisor of 4 and 31732.
4
What is the greatest common divisor of 1280 and 370?
10
Calculate the greatest common factor of 15719 and 33.
11
Calculate the greatest common divisor of 170 and 29660.
10
What is the highest common divisor of 192 and 19272?
24
What is the highest common divisor of 370814 and 740?
74
What is the highest common factor of 2322 and 184986?
774
Calculate the highest common factor of 115 and 45.
5
Calculate the greatest common divisor of 60 and 829520.
20
What is the greatest common factor of 53 and 328759?
53
What is the greatest common factor of 33561 and 1188?
297
What is the highest common factor of 3546204 and 4?
4
Calculate the highest common factor of 410330 and 74.
74
What is the highest common divisor of 461 and 450397?
461
Calculate the greatest common factor of 935 and 42823.
187
What is the greatest common factor of 11970 and 397530?
630
What is the greatest common divisor of 31670 and 10?
10
Calculate the highest common divisor of 5677 and 613927.
811
What is the greatest common divisor of 1872 and 85059?
117
What is the highest common factor of 253322 and 552?
46
What is the greatest common factor of 91 and 253981?
91
What is the greatest common factor of 32310 and 696?
6
Calculate the greatest common divisor of 247394 and 738.
82
What is the highest common divisor of 1199503 and 34?
17
Calculate the highest common divisor of 744 and 4960.
248
Calculate the greatest common factor of 50 and 122050.
50
Calculate the greatest common factor of 112 and 161168.
112
What is the highest common factor of 18816 and 514752?
1344
What is the greatest common divisor of 211 and 2423546?
211
Calculate the greatest common factor of 9280 and 3440.
80
Calculate the greatest common factor of 11039 and 266.
133
What is the highest common divisor of 1768 and 12563?
17
What is the greatest common divisor of 5992224 and 1036?
1036
What is the highest common factor of 645 and 198230?
215
Calculate the greatest common divisor of 1104 and 29256.
552
What is the greatest common divisor of 877 and 888401?
877
What is the highest common divisor of 359 and 29079?
359
What is the highest common divisor of 2565 and 230715?
135
What is the highest common divisor of 1178 and 10354?
62
Calculate the greatest common factor of 35551 and 1948.
487
What is the highest common divisor of 5157 and 1269?
27
Calculate the greatest common divisor of 412069 and 1204.
301
What is the greatest common divisor of 218497 and 302?
151
What is the greatest common factor of 213 and 170400?
213
What is the greatest common factor of 486 and 1602?
18
What is the highest common divisor of 28 and 48853?
7
What is the highest common divisor of 468 and 4300569?
117
What is the highest common factor of 21 and 34707?
3
What is the greatest common divisor of 20245680 and 2884?
2884
What is the highest common divisor of 8174 and 1586?
122
Calculate the greatest common factor of 299 and 2899.
13
Calculate the greatest common divisor of 1157388 and 1032.
516
What is the greatest common factor of 3016 and 10179?
377
Calculate the greatest common factor of 140 and 380.
20
What is the greatest common divisor of 4605 and 120?
15
What is the greatest common divisor of 308 and 3295292?
308
Calculate the greatest common divisor of 834120 and 112.
56
What is the greatest common divisor of 203 and 2394?
7
What is the highest common factor of 2786 and 280?
14
What is the greatest common divisor of 32510 and 75?
5
Calculate the greatest common factor of 44358 and 3.
3
Calculate the highest common divisor of 2572911 and 33.
33
Calculate the highest common divisor of 1904 and 10591.
119
Calculate the greatest common divisor of 220 and 800.
20
What is the highest common divisor of 3832626 and 42?
42
What is the highest common factor of 15972 and 12?
12
Calculate the greatest common factor of 1247 and 2451.
43
Calculate the greatest common factor of 50150 and 41123.
1003
Calculate the highest common factor of 4925 and 25.
25
Calculate the greatest common factor of 633 and 58025.
211
What is the highest common divisor of 87078 and 138?
138
Calculate the highest common divisor of 996 and 236.
4
What is the highest common factor of 10373 and 1265?
253
What is the highest common factor of 8412 and 5190?
6
Calculate the highest common divisor of 12 and 101678.
2
What is the greatest common factor of 74 and 5872418?
74
Calculate the highest common factor of 927 and 196627.
103
What is the greatest common factor of 20 and 108040?
20
Calculate the greatest common factor of 603 and 261.
9
Calculate the greatest common divisor of 20953 and 563909.
911
Calculate the highest common factor of 1712 and 48043.
107
Calculate the highest common divisor of 3048518 and 22.
22
What is the highest common factor of 96 and 374?
2
What is the highest common factor of 985 and 285?
5
Calculate the highest common divisor of 3263 and 117.
13
What is the greatest common factor of 814 and 5994?
74
Calculate the highest common divisor of 9664 and 3.
1
Calculate the greatest common factor of 3836 and 280.
28
Calculate the highest common factor of 185 and 147445.
185
Calculate the greatest common factor of 521495 and 16950.
565
Calculate the highest common factor of 394 and 378634.
394
What is the highest common divisor of 24797 and 22879?
137
What is the highest common divisor of 14490 and 4410?
630
What is the highest common divisor of 1944 and 49329?
243
What is the highest common factor of 153134 and 1426?
46
What is the highest common divisor of 6538990 and 20?
10
What is the greatest common factor of 5416 and 646535?
677
Calculate the highest common factor of 68194 and 560.
14
Calculate the highest common divisor of 25 and 1275025.
25
Calculate the greatest common divisor of 206983 and 7.
7
Calculate the highest common divisor of 307917 and 9.
9
What is the greatest common divisor of 59 and 1487154?
59
What is the highest common divisor of 45 and 282537?
9
What is the highest common factor of 7527 and 303396?
579
Calculate the highest common divisor of 284371 and 199.
199
What is the greatest common factor of 38151 and 810?
81
Calculate the greatest common divisor of 22667 and 437.
19
What is the highest common divisor of 1208 and 30502?
302
Calculate the highest common divisor of 940 and 54050.
470
Calculate the greatest common divisor of 26 and 192296.
26
Calculate the greatest common factor of 124 and 86583.
31
Calculate the greatest common factor of 57967 and 338.
169
Calculate the greatest common divisor of 313208 and 2261.
119
Calculate the highest common factor of 6 and 21003.
3
What is the greatest common factor of 54 and 83403?
27
What is the highest common divisor of 23587 and 927?
103
Calculate the highest common divisor of 28801 and 83.
83
Calculate the greatest common divisor of 26 and 286650.
26
Calculate the greatest common divisor of 2106 and 21769722.
2106
Calculate the greatest common factor of 32760 and 24.
24
What is the highest common factor of 26509 and 4018?
49
What is the greatest common divisor of 340384 and 341?
11
Calculate the greatest common divisor o